 - j. Calculate the greatest common divisor of a and 374.
22
Let w(x) = -20*x - 1. Let q be w(2). Let j = q + 86. Suppose -2*t + 118 = 4*l, -12*t + 8*t + 116 = 4*l. What is the highest common divisor of l and j?
15
Let f = 155 - -113. Let r = f - 79. What is the greatest common divisor of r and 21?
21
Let n(l) = 5*l**2 - 8*l - 16. Let j(m) = -6*m + 11. Let f be j(1). Let z be n(f). Calculate the highest common divisor of z and 92.
23
Suppose -b - 2*h + 723 = -3700, b - 3*h = 4438. Calculate the highest common divisor of b and 215.
43
Suppose 71 = k + 4*m, 4*k = m + m + 356. Let z = 259246 - 259014. Calculate the highest common factor of k and z.
29
Suppose -2*y + 2 = -4*o - 2, 4*o - 32 = -4*y. Let j be (14/y)/(6/990). What is the greatest common factor of j and 35?
35
Let c be (-4 - 0) + (-2 - -3)*3. Let l be 54/243 - ((-25)/(-9))/c. Let m be 264/l - (-16)/(-4). What is the greatest common factor of 21 and m?
21
Let o(j) = 36*j**2. Let x be o(1). Suppose 0 = 13*l + 120 + 140. Let f be -1 + 19/((-38)/l). Calculate the greatest common divisor of f and x.
9
Suppose 2*g = -3*a + 165, g + 28*a - 24*a = 75. Calculate the greatest common factor of 3567 and g.
87
Let k be 3 + 68/(-20) + (-2586)/(-15). Let f = -96 + k. Let q = 40 + -2. Calculate the highest common divisor of q and f.
38
Let t be 18 + (5/9)/(41/369). What is the highest common divisor of 552 and t?
23
Let a be (-24)/12*10/(-4). Suppose 6 - 6 = a*f. Suppose f = 4*h + h + x - 18, 2*x - 6 = 0. Calculate the greatest common divisor of h and 33.
3
Suppose -5*l = -2*q - 3*q + 165, 0 = 2*l - 4*q + 72. Let n = 38 + l. Suppose -2623 = -n*v - 335. Calculate the highest common factor of 26 and v.
26
Suppose -14*f + 6*f - 416 = -12*f. What is the highest common divisor of f and 494?
26
Let d(z) = 139*z + 16 - 295*z + 143*z. Let t be d(-2). Calculate the greatest common factor of 7 and t.
7
Let j(z) = -4*z**3 - 7*z**2 - 3*z - 10. Let v be j(-3). What is the greatest common factor of 20 and v?
4
Let s = -386 - -551. Let a = -113 + s. What is the highest common factor of 208 and a?
52
Suppose u - 22 - 31 = -2*w, -2*w - 61 = -u. Let q(j) = 37*j + 354. Let v be q(-7). What is the greatest common divisor of u and v?
19
Let q = 3126 + -2535. What is the greatest common factor of 6 and q?
3
Let n(h) = 4*h**3 - 129*h**2 + 34*h - 52. Let b be n(32). What is the greatest common divisor of 4152 and b?
12
Let p = -1102 - -1150. Calculate the highest common divisor of p and 468.
12
Let v be (72/84)/(2/(-154)). Let r = 94 + v. Calculate the greatest common factor of r and 154.
14
Let p be ((-37466)/13)/(-11)*(-62)/(-4). Calculate the greatest common divisor of p and 31.
31
Suppose -3*z + 1241 = -3*r - 1771, 0 = 2*z - 5*r - 1999. Suppose -z + 45 = -26*o. Calculate the greatest common factor of o and 37.
37
Suppose -2*g + g - 192 = -3*l, g + 216 = -5*l. Suppose -7*z = 2*f - 3*z + 66, 79 = -3*f - z. Let q = f - g. Calculate the highest common factor of q and 16.
16
Let c = -342 - -448. Let l(k) = -35*k + 177. Let j be l(5). What is the greatest common divisor of c and j?
2
Let i = -8184 + 8186. Calculate the greatest common factor of i and 1753.
1
Let t = 1192 + -499. Calculate the greatest common factor of 385 and t.
77
Suppose 4*c - 5 = 4*g - g, 0 = -4*c + 5*g + 3. Let j(p) = -1 - 5*p**2 - p + 4*p**2 + 4*p**c - p. Let u be j(-5). What is the highest common divisor of u and 24?
12
Let r(x) = -5*x**3 + 228*x**2 + 90*x + 94. Let y be r(46). Calculate the highest common factor of y and 117.
1
Let m(h) = h**3 + 46*h**2 - 97*h - 50. Let r be m(-48). Let z be r + 22 + ((-20)/5 - 2). Calculate the highest common divisor of 854 and z.
14
Suppose 36 = -2*v + 2436. Suppose 0 = 25*h - 22*h - v. What is the highest common divisor of 5 and h?
5
Suppose -4*t + 4 = -4. Suppose -5*m - t*o = -1 + 6, 5*m - 25 = 4*o. Let x be (m/2)/(2/48). What is the highest common divisor of x and 96?
12
Suppose 4*b = 6*z - 13764, -7257 = -3*z + b - 372. What is the highest common factor of 24 and z?
8
Let u = -762 + 1322. Calculate the highest common divisor of 1540 and u.
140
Suppose 6505 = -80*s + 18025. Calculate the highest common factor of 3816 and s.
72
Suppose -3*k + 5*a = -13, 5*k + 4*a = -0*k - 3. Let r be 1 + (k - 5)*-29. Calculate the highest common factor of 9 and r.
9
Let i(q) = q**3 + 12*q**2 + 33*q - 8. Let h be i(-7). Suppose -l - 32 = -2*r, -l - 3*l + 16 = 0. Calculate the highest common factor of h and r.
6
Let u = 3998 - 3958. What is the greatest common divisor of 530 and u?
10
Let v be 24 + 15 + 2 + -1. Suppose v*n = 44*n - 208. What is the greatest common divisor of n and 12?
4
Suppose 16*j - 46687 + 5135 = 0. What is the greatest common divisor of j and 49?
49
Let d be 2/(-6) - (-13108)/174. Calculate the greatest common divisor of d and 39.
3
Let g be (34/85)/(28/10) - 384/(-56). Let b(i) = -i + 5. Suppose d - 4 = -0. Let p be b(d). What is the greatest common factor of p and g?
1
Let k be (-324)/3*((-138)/18 + 8)*-2. Suppose -2*r + 16 = 2*r. Let f = 28 - r. What is the greatest common factor of k and f?
24
Let n(s) = -s**2 + 16*s + 257. Let p be n(-9). Suppose 2*a = 306 - 34. Calculate the highest common divisor of a and p.
8
Let z = 756 + -288. Suppose 92*q + 19*q = 5772. Calculate the highest common factor of z and q.
52
Suppose 7*b = 101 - 10. Suppose b*q = 14*q - 28. Calculate the greatest common divisor of q and 406.
14
Let i = -17091 + 17092. Let f(o) = -o + 2. Let m be f(-8). Let j = m - 1. What is the greatest common divisor of i and j?
1
Let z = -1 + 5. Suppose 367*p = 364*p + 21. Suppose 3*u = 5*s - 148, -9*s + u + 60 = -p*s. What is the highest common divisor of s and z?
4
Suppose -n = 21*n - 3630. Calculate the greatest common divisor of n and 44.
11
Suppose -5*w + 248 = -3*o, -5*o + w + 11 = 439. Let s = -80 - o. What is the highest common divisor of s and 4?
2
Let f be -6 + (-114)/(-6) - 3. Let r be (-1520)/114*(-30)/8. Calculate the greatest common divisor of r and f.
10
Let y be (2 + -3)/(3/(-2592)). Let k(d) = 9*d**2 + 171*d + 496. Let t be k(-3). What is the greatest common divisor of y and t?
32
Suppose 4*y - 16*y + 91500 = 0. Suppose 21*f = 3925 + y. What is the highest common divisor of f and 110?
110
Let h be 4/((-28)/(-12903)) + (525/49 - 11). What is the greatest common factor of 388 and h?
97
Let n = 184 + -188. Let p be (-22)/(-1) - 2 - n. What is the greatest common factor of p and 28?
4
Let m(o) = 2*o**2 - 100*o - 221. Let d be m(48). Let f = 426 + d. Suppose -4*u = -6*u + 26. Calculate the greatest common divisor of f and u.
13
Suppose 4*z = 2*a - 234, 0 = -0*a + 4*a - 4*z - 456. Let o = a + -62. Let c = o - 33. What is the highest common divisor of 40 and c?
8
Suppose 4 = -2*c + 6. Let t be (-97)/(-9) - ((-129)/(-27) - 5). What is the greatest common factor of t and c?
1
Let b be (160/(-12))/((-22)/99). Let a = b - 40. Let n be 2/(-3) + 422/3. Calculate the greatest common divisor of a and n.
20
Suppose d + 493763 = 26*d - 526662. Calculate the greatest common divisor of d and 119.
119
Let t = -51 + 83. Suppose -510 = -4*z - 2*z. Let w = z - -11. What is the greatest common divisor of w and t?
32
Suppose 5*z - 4290 = 5*f, -z + 5*f = -5*z + 3369. Calculate the greatest common factor of 460 and z.
23
Let m(i) = 5*i + 46. Let j be m(2). Suppose 6*x = x - 4*d + 840, -d = 0. What is the highest common divisor of x and j?
56
Suppose o - 74 = -3*a - 0*o, -5*o + 94 = 3*a. Let m be 8*(-2)/((-4)/a). Suppose 169*k - 138*k - 1989 = -563. Calculate the highest common factor of k and m.
46
Suppose -7*w - 140 = -4*o - 11*w, -2*o + 3*w = -45. Suppose -252 = -44*r + o*r. Calculate the highest common divisor of 150 and r.
6
Suppose -11131*h + 11119*h = -180. What is the greatest common factor of h and 1350?
15
Suppose 439*x - 781*x - 1080 = -382*x. Let g = -4 + 16. What is the greatest common factor of g and x?
3
Let c(s) = 2*s**3 - 50*s**2 + 50*s - 25. Let o be c(24). Suppose 120 = -18*v + o*v. What is the greatest common factor of 708 and v?
12
Let t = 9 + -7. Suppose n + 3 - t = 0. Let g(h) = 11*h + 14. Let i be g(n). Calculate the highest common divisor of i and 9.
3
Suppose -26*y - 78*y + 11541 - 4261 = 0. Calculate the greatest common factor of y and 805.
35
Let t be (-720)/210*63*3/4*-2. Let h(d) = 